{"id":29,"date":"2025-02-23T15:32:14","date_gmt":"2025-02-23T15:32:14","guid":{"rendered":"https:\/\/ipsnoticias.net\/negocios\/?page_id=29"},"modified":"2025-02-23T15:32:41","modified_gmt":"2025-02-23T15:32:41","slug":"terminos-de-uso","status":"publish","type":"page","link":"https:\/\/ipsnoticias.net\/negocios\/terminos-de-uso\/","title":{"rendered":"T\u00e9rminos de uso"},"content":{"rendered":"<p>Con el objetivo de recaudar m\u00e1s fondos para apoyar nuestro servicio de noticias independiente, IPS ha comenzado a redistribuir contenido de algunos servicios de distribuci\u00f3n de comunicados de prensa en el sitio IPS Negocios, en colaboraci\u00f3n con algunas fuentes seleccionadas.<\/p>\n<p>Podemos, de vez en cuando, monitorear el contenido publicado en IPS Negocios, pero IPS no puede monitorear ni revisar exhaustivamente toda la informaci\u00f3n que se env\u00eda a IPS Negocios.<\/p>\n<p>Los art\u00edculos y dem\u00e1s contenido publicado por IPS Negocios son responsabilidad legal de sus respectivas fuentes y IPS no asume ninguna responsabilidad por el contenido de los art\u00edculos.<\/p>\n<p>IPS no ofrece representaciones ni garant\u00edas, expresas o impl\u00edcitas, sobre la exactitud, puntualidad, calidad, seguridad, idoneidad, fiabilidad, integridad o cualquier otro aspecto de la informaci\u00f3n contenida en este sitio web, ni sobre los enlaces, productos o servicios ofrecidos, anunciados o proporcionados, ni sobre las acciones de cualquier otro usuario del sitio IPS News Business. IPS no verifica la identidad, credenciales, afiliaciones ni la experiencia de sus autores.<\/p>\n<p>Ni IPS ni ninguno de sus directores, funcionarios o empleados tendr\u00e1n responsabilidad alguna ante el lector o cualquier otra persona por da\u00f1os resultantes del uso por parte del lector de la informaci\u00f3n contenida en el sitio web. Si decides utilizar o confiar en dicha informaci\u00f3n, lo haces bajo tu propio riesgo y sin ninguna representaci\u00f3n o garant\u00eda por parte de IPS.<\/p>\n","protected":false},"excerpt":{"rendered":"<p>Con el objetivo de recaudar m\u00e1s fondos para apoyar nuestro servicio de noticias independiente, IPS ha comenzado a redistribuir contenido de algunos servicios de distribuci\u00f3n de comunicados de prensa en el sitio IPS Negocios, en colaboraci\u00f3n con algunas fuentes seleccionadas. Podemos, de vez en cuando, monitorear el contenido publicado en IPS Negocios, pero IPS no &#8230; <a title=\"T\u00e9rminos de uso\" class=\"read-more\" href=\"https:\/\/ipsnoticias.net\/negocios\/terminos-de-uso\/\" aria-label=\"Leer m\u00e1s sobre T\u00e9rminos de uso\">Leer m\u00e1s<\/a><\/p>\n","protected":false},"author":4,"featured_media":0,"parent":0,"menu_order":0,"comment_status":"closed","ping_status":"closed","template":"","meta":{"footnotes":""},"class_list":["post-29","page","type-page","status-publish"],"yoast_head":"<!-- This site is optimized with the Yoast SEO plugin v20.0 - https:\/\/yoast.com\/wordpress\/plugins\/seo\/ -->\n<title>T\u00e9rminos de uso - IPS NOTICIAS - NEGOCIOS<\/title>\n<meta name=\"robots\" content=\"index, follow, max-snippet:-1, max-image-preview:large, max-video-preview:-1\" \/>\n<link rel=\"canonical\" href=\"https:\/\/ipsnoticias.net\/negocios\/terminos-de-uso\/\" \/>\n<meta property=\"og:locale\" content=\"es_ES\" \/>\n<meta property=\"og:type\" content=\"article\" \/>\n<meta property=\"og:title\" content=\"T\u00e9rminos de uso - IPS NOTICIAS - NEGOCIOS\" \/>\n<meta property=\"og:description\" content=\"Con el objetivo de recaudar m\u00e1s fondos para apoyar nuestro servicio de noticias independiente, IPS ha comenzado a redistribuir contenido de algunos servicios de distribuci\u00f3n de comunicados de prensa en el sitio IPS Negocios, en colaboraci\u00f3n con algunas fuentes seleccionadas. Podemos, de vez en cuando, monitorear el contenido publicado en IPS Negocios, pero IPS no ... Leer m\u00e1s\" \/>\n<meta property=\"og:url\" content=\"https:\/\/ipsnoticias.net\/negocios\/terminos-de-uso\/\" \/>\n<meta property=\"og:site_name\" content=\"IPS NOTICIAS - NEGOCIOS\" \/>\n<meta property=\"article:modified_time\" content=\"2025-02-23T15:32:41+00:00\" \/>\n<meta name=\"twitter:card\" content=\"summary_large_image\" \/>\n<meta name=\"twitter:label1\" content=\"Tiempo de lectura\" \/>\n\t<meta name=\"twitter:data1\" content=\"1 minuto\" \/>\n<script type=\"application\/ld+json\" class=\"yoast-schema-graph\">{\"@context\":\"https:\/\/schema.org\",\"@graph\":[{\"@type\":\"WebPage\",\"@id\":\"https:\/\/ipsnoticias.net\/negocios\/terminos-de-uso\/\",\"url\":\"https:\/\/ipsnoticias.net\/negocios\/terminos-de-uso\/\",\"name\":\"T\u00e9rminos de uso - IPS NOTICIAS - NEGOCIOS\",\"isPartOf\":{\"@id\":\"https:\/\/ipsnoticias.net\/negocios\/#website\"},\"datePublished\":\"2025-02-23T15:32:14+00:00\",\"dateModified\":\"2025-02-23T15:32:41+00:00\",\"breadcrumb\":{\"@id\":\"https:\/\/ipsnoticias.net\/negocios\/terminos-de-uso\/#breadcrumb\"},\"inLanguage\":\"es\",\"potentialAction\":[{\"@type\":\"ReadAction\",\"target\":[\"https:\/\/ipsnoticias.net\/negocios\/terminos-de-uso\/\"]}]},{\"@type\":\"BreadcrumbList\",\"@id\":\"https:\/\/ipsnoticias.net\/negocios\/terminos-de-uso\/#breadcrumb\",\"itemListElement\":[{\"@type\":\"ListItem\",\"position\":1,\"name\":\"Home\",\"item\":\"https:\/\/ipsnoticias.net\/negocios\/\"},{\"@type\":\"ListItem\",\"position\":2,\"name\":\"T\u00e9rminos de uso\"}]},{\"@type\":\"WebSite\",\"@id\":\"https:\/\/ipsnoticias.net\/negocios\/#website\",\"url\":\"https:\/\/ipsnoticias.net\/negocios\/\",\"name\":\"IPS NOTICIAS - NEGOCIOS\",\"description\":\"IPS NOTICIAS - NEGOCIOS\",\"publisher\":{\"@id\":\"https:\/\/ipsnoticias.net\/negocios\/#organization\"},\"potentialAction\":[{\"@type\":\"SearchAction\",\"target\":{\"@type\":\"EntryPoint\",\"urlTemplate\":\"https:\/\/ipsnoticias.net\/negocios\/?s={search_term_string}\"},\"query-input\":\"required name=search_term_string\"}],\"inLanguage\":\"es\"},{\"@type\":\"Organization\",\"@id\":\"https:\/\/ipsnoticias.net\/negocios\/#organization\",\"name\":\"IPS NOTICIAS - NEGOCIOS\",\"url\":\"https:\/\/ipsnoticias.net\/negocios\/\",\"logo\":{\"@type\":\"ImageObject\",\"inLanguage\":\"es\",\"@id\":\"https:\/\/ipsnoticias.net\/negocios\/#\/schema\/logo\/image\/\",\"url\":\"https:\/\/ipsnoticias.net\/negocios\/wp-content\/uploads\/2025\/02\/cropped-logo-IPS.png\",\"contentUrl\":\"https:\/\/ipsnoticias.net\/negocios\/wp-content\/uploads\/2025\/02\/cropped-logo-IPS.png\",\"width\":154,\"height\":65,\"caption\":\"IPS NOTICIAS - NEGOCIOS\"},\"image\":{\"@id\":\"https:\/\/ipsnoticias.net\/negocios\/#\/schema\/logo\/image\/\"}}]}<\/script>\n<!-- \/ Yoast SEO plugin. -->","yoast_head_json":{"title":"T\u00e9rminos de uso - IPS NOTICIAS - NEGOCIOS","robots":{"index":"index","follow":"follow","max-snippet":"max-snippet:-1","max-image-preview":"max-image-preview:large","max-video-preview":"max-video-preview:-1"},"canonical":"https:\/\/ipsnoticias.net\/negocios\/terminos-de-uso\/","og_locale":"es_ES","og_type":"article","og_title":"T\u00e9rminos de uso - IPS NOTICIAS - NEGOCIOS","og_description":"Con el objetivo de recaudar m\u00e1s fondos para apoyar nuestro servicio de noticias independiente, IPS ha comenzado a redistribuir contenido de algunos servicios de distribuci\u00f3n de comunicados de prensa en el sitio IPS Negocios, en colaboraci\u00f3n con algunas fuentes seleccionadas. Podemos, de vez en cuando, monitorear el contenido publicado en IPS Negocios, pero IPS no ... Leer m\u00e1s","og_url":"https:\/\/ipsnoticias.net\/negocios\/terminos-de-uso\/","og_site_name":"IPS NOTICIAS - NEGOCIOS","article_modified_time":"2025-02-23T15:32:41+00:00","twitter_card":"summary_large_image","twitter_misc":{"Tiempo de lectura":"1 minuto"},"schema":{"@context":"https:\/\/schema.org","@graph":[{"@type":"WebPage","@id":"https:\/\/ipsnoticias.net\/negocios\/terminos-de-uso\/","url":"https:\/\/ipsnoticias.net\/negocios\/terminos-de-uso\/","name":"T\u00e9rminos de uso - IPS NOTICIAS - NEGOCIOS","isPartOf":{"@id":"https:\/\/ipsnoticias.net\/negocios\/#website"},"datePublished":"2025-02-23T15:32:14+00:00","dateModified":"2025-02-23T15:32:41+00:00","breadcrumb":{"@id":"https:\/\/ipsnoticias.net\/negocios\/terminos-de-uso\/#breadcrumb"},"inLanguage":"es","potentialAction":[{"@type":"ReadAction","target":["https:\/\/ipsnoticias.net\/negocios\/terminos-de-uso\/"]}]},{"@type":"BreadcrumbList","@id":"https:\/\/ipsnoticias.net\/negocios\/terminos-de-uso\/#breadcrumb","itemListElement":[{"@type":"ListItem","position":1,"name":"Home","item":"https:\/\/ipsnoticias.net\/negocios\/"},{"@type":"ListItem","position":2,"name":"T\u00e9rminos de uso"}]},{"@type":"WebSite","@id":"https:\/\/ipsnoticias.net\/negocios\/#website","url":"https:\/\/ipsnoticias.net\/negocios\/","name":"IPS NOTICIAS - NEGOCIOS","description":"IPS NOTICIAS - NEGOCIOS","publisher":{"@id":"https:\/\/ipsnoticias.net\/negocios\/#organization"},"potentialAction":[{"@type":"SearchAction","target":{"@type":"EntryPoint","urlTemplate":"https:\/\/ipsnoticias.net\/negocios\/?s={search_term_string}"},"query-input":"required name=search_term_string"}],"inLanguage":"es"},{"@type":"Organization","@id":"https:\/\/ipsnoticias.net\/negocios\/#organization","name":"IPS NOTICIAS - NEGOCIOS","url":"https:\/\/ipsnoticias.net\/negocios\/","logo":{"@type":"ImageObject","inLanguage":"es","@id":"https:\/\/ipsnoticias.net\/negocios\/#\/schema\/logo\/image\/","url":"https:\/\/ipsnoticias.net\/negocios\/wp-content\/uploads\/2025\/02\/cropped-logo-IPS.png","contentUrl":"https:\/\/ipsnoticias.net\/negocios\/wp-content\/uploads\/2025\/02\/cropped-logo-IPS.png","width":154,"height":65,"caption":"IPS NOTICIAS - NEGOCIOS"},"image":{"@id":"https:\/\/ipsnoticias.net\/negocios\/#\/schema\/logo\/image\/"}}]}},"amp_enabled":true,"_links":{"self":[{"href":"https:\/\/ipsnoticias.net\/negocios\/wp-json\/wp\/v2\/pages\/29","targetHints":{"allow":["GET"]}}],"collection":[{"href":"https:\/\/ipsnoticias.net\/negocios\/wp-json\/wp\/v2\/pages"}],"about":[{"href":"https:\/\/ipsnoticias.net\/negocios\/wp-json\/wp\/v2\/types\/page"}],"author":[{"embeddable":true,"href":"https:\/\/ipsnoticias.net\/negocios\/wp-json\/wp\/v2\/users\/4"}],"replies":[{"embeddable":true,"href":"https:\/\/ipsnoticias.net\/negocios\/wp-json\/wp\/v2\/comments?post=29"}],"version-history":[{"count":2,"href":"https:\/\/ipsnoticias.net\/negocios\/wp-json\/wp\/v2\/pages\/29\/revisions"}],"predecessor-version":[{"id":31,"href":"https:\/\/ipsnoticias.net\/negocios\/wp-json\/wp\/v2\/pages\/29\/revisions\/31"}],"wp:attachment":[{"href":"https:\/\/ipsnoticias.net\/negocios\/wp-json\/wp\/v2\/media?parent=29"}],"curies":[{"name":"wp","href":"https:\/\/api.w.org\/{rel}","templated":true}]}}